Let a(f) = 49*f**3 - 21*f**2 + 2*f - 87. What is the thousands digit of a(10)?
6
Suppose 5*t - 5*x = 1014 + 236, -4*t + 980 = x. What is the units digit of (1*t/(-2))/1*-1?
3
Suppose -189077 = -29*d + 162113. What is the hundreds digit of d?
1
Suppose -2 = 3*q - 29. Suppose -q*b + 3175 + 5222 = 0. Suppose -5*d = 213 - b. What is the hundreds digit of d?
1
Let c = 70 + -69. Let b(p) = 119*p + 8. Let m be b(c). Let d = m + -72. What is the units digit of d?
5
Let t = 698 + 7195. What is the tens digit of t?
9
Let p(j) = 10*j + 126. Let m be p(-12). Suppose h = n + 17, -5*n - 3 = -h + m. What is the units digit of h?
9
Let n(l) = l**3 - 46*l**2 + 102*l + 39. Let o be n(45). Suppose -34*z = -218 - o. What is the units digit of z?
3
What is the ten thousands digit of -12 + -8 + 23 - -47701?
4
Let h(y) = y**3 + 13*y**2 - 10*y + 59. Let p be h(-14). Suppose 0*z - 5*z = x - 328, -5*z + 20 = 0. Suppose p*r = -4*r + x. What is the tens digit of r?
4
Let t(x) = x**2 + 14*x + 37. Suppose -44 = -2*q + 40. Let k = -57 + q. What is the units digit of t(k)?
2
Let h = 927 - 639. Suppose 0 = 2*l - h - 916. What is the units digit of l?
2
Suppose -8*u + 28 + 4 = 0. Suppose 2*p - p - 97 = -u*d, -5*p + 4*d = -509. What is the tens digit of p + 8/56 + 2/(-14)?
0
Suppose 5*v = 5*s + 7*v - 80, -5*v + 81 = 4*s. Suppose -5*d + 4*a = -10 - 24, -4*a = 3*d - s. What is the units digit of 12/(((-4)/3)/((-68)/d))?
2
Let z(d) = 3*d - 14. Let n be z(6). Suppose 4*i - 8 = 0, -5*i - 676 = n*b - i. Let v = -76 - b. What is the units digit of v?
5
Let k = 300 - 296. Suppose 0 = k*d - 1717 - 2111. What is the hundreds digit of d?
9
Suppose j = -3*g + 66, 3*g + 2*j + j - 60 = 0. Let b(s) = -s**3 + 25*s**2 - 32*s + 66. What is the hundreds digit of b(g)?
3
Let c(y) = -y**2 - 32*y + 33. Let n(r) = r**2 - 6*r - 3. Let u be n(7). Suppose -p + 3*p + u*q + 66 = 0, p = -4*q - 43. What is the tens digit of c(p)?
4
Let l be (1 + 3)/(-1 - 1) + 3. What is the tens digit of l/2*10*18308/230?
9
Suppose -a + l - 5 = -2*a, 3*a = 5*l + 15. Let c be 1/((-2)/(-4)) + 353. Suppose a*m + c = 10*m. What is the units digit of m?
1
Suppose -74886 = -3*g + 2*d + 156144, g - 76989 = 3*d. What is the thousands digit of g?
7
Let y = -176 - -357. Let h = y + -61. Suppose u - 351 = -h. What is the hundreds digit of u?
2
Let n be (((-48)/15)/8)/(1/(-5)). What is the hundreds digit of 1/(-5)*n*-430?
1
Let x = 8 + -18. Suppose 5*g - 30 = -10*g. What is the units digit of ((-12)/x)/(g*15/1600)?
4
Let m(t) = t + 10. Let x be m(2). Suppose -y - y = -x. What is the hundreds digit of 4/((-36)/(-1509)) - 4/y?
1
Let w(o) = -33 - 15 + 13 - 22*o - 6*o. Let j be w(-19). Suppose 4*z - 5*p = j + 216, 0 = -2*z + 2*p + 356. What is the tens digit of z?
7
Let m = -38 - -46. Let f(u) = u**2 + 2*u + 1. Let t be f(m). Suppose -6*i + 51 = r - 3*i, 2*r - i = t. What is the units digit of r?
2
Let c(a) = 137*a**2 - 425*a - 11. What is the tens digit of c(14)?
9
Let z(g) = -83*g - 70*g + 200*g + 94 + 10*g**2 - 73*g. What is the tens digit of z(13)?
4
Let d(n) = -n - 8. Let k(p) = -p**3 - 9*p**2 + 10*p - 16. Let i be k(-10). Let r be d(i). Let g(w) = w**3 - 7*w**2 - 6*w - 1. What is the units digit of g(r)?
5
Let q be (-9)/(-45) + (-36)/(-20). Suppose 0 = -2*r + 4*i + 394, -8*r - q*i = -10*r + 398. What is the tens digit of r?
0
Suppose 0 = -4*a - a + 12245. Suppose -a - 1852 = -11*d. What is the hundreds digit of d?
3
Let v(t) = -701*t + 1146. What is the units digit of v(-10)?
6
Suppose -2*y = -55*i + 50*i + 47303, 5*y - 28388 = -3*i. What is the hundreds digit of i?
4
Suppose 0*r - 1314 = -9*r. Let q = r - -153. What is the tens digit of q?
9
Let z(t) = 135*t**3 + 4*t**2 + 3*t - 3. What is the units digit of z(3)?
7
Suppose 0 = 8*k + 3*k. Suppose -4*f + 5 = p, k = -3*f - p + 6*p + 21. Let o = 78 - f. What is the tens digit of o?
7
Let g be (-320)/(-45) - -2*(-3)/54. Let k(p) = -49*p - 2 - 108*p - g. What is the tens digit of k(-1)?
4
Let m(l) = 941*l + 2507. What is the thousands digit of m(56)?
5
Let u = 12674 - 4336. What is the tens digit of u?
3
Let a(z) = -39*z - 202. Let p be a(-13). Suppose -298*u + p*u - 294 = 0. What is the tens digit of u?
4
Let k = 33612 - 15097. What is the units digit of k?
5
Suppose 6 = -2*z, z = -n - n + 5. Suppose -18 = -i - n*i - 4*j, -i - j + 4 = 0. Suppose 0 = i*f + 4, h + h = 3*f + 64. What is the units digit of h?
9
Suppose 4*l + 3*x = 162, -1 = -5*x - 11. Suppose l*s + 272 = 44*s. Suppose -4*q + s + 268 = 0. What is the tens digit of q?
0
Suppose 0 = 5*a + 14 - 4. Let j(m) = -m**3 - 2*m**2 - m. Let q be j(a). Suppose 0 = k - 48 - q. What is the units digit of k?
0
Let p = 268 + -245. Suppose 4303 = 4*w + 3*x, -p*w - 5*x - 4327 = -27*w. What is the units digit of w?
8
Let q = -79 - -87. Let h(n) = 7*n**2 - 51*n + 5. What is the tens digit of h(q)?
4
Let i = 8037 + -4586. Suppose 3*h = 5*x + i + 1079, x - 3 = 0. What is the thousands digit of h?
1
Suppose 89*k + 91*k - 21065 = 179*k. What is the ten thousands digit of k?
2
Suppose 23*y - 20731 + 4562 = 0. What is the tens digit of y?
0
What is the thousands digit of (10/4 - (-816)/544) + (-32468)/(-2)?
6
Suppose h - 248*u = -245*u + 16793, 4*u - 12 = 0. What is the units digit of h?
2
Let o(y) = -49*y**3 + 2*y**2 + 19*y + 244. What is the thousands digit of o(-7)?
7
What is the ten thousands digit of (1 - (-5543 + -3))*-6*(-3)/6?
1
Let t be 29/(-9) - 128/(-576). Suppose b = -4*b - 45. What is the units digit of 1/t + (-579)/b?
4
Let z be (4/12)/(2/6) + 1497. Let w = z - 892. What is the tens digit of w?
0
Let b be ((-7)/(-5))/(((-184)/(-120))/23). Suppose -b*p + 2172 = -75. What is the hundreds digit of p?
1
Suppose 16*l + 3 = -13. Let q(f) = -770*f - 1. What is the units digit of q(l)?
9
Let g(z) = z**3 - 16*z**2 + 6*z + 54. Let f be g(16). Let i = f - 148. What is the units digit of i?
2
Suppose 2*h - 10 = 0, 40*y - 42*y + 43681 = 5*h. What is the units digit of y?
8
Suppose 4*p - 2176 = -196. Let o = p + 145. What is the hundreds digit of o?
6
Suppose 2366*s = 2380*s - 94486. What is the tens digit of s?
4
Let p = 7222 + 11269. What is the hundreds digit of p?
4
Let z = 229 - 226. Let f(o) = 437*o - 178. What is the units digit of f(z)?
3
Suppose 5*y - 451 = 2*i, -4*i + 2*y - 800 = 94. Let v = 620 - i. What is the units digit of v?
3
Let o be (-1)/(3/9) + (10 - 1). Suppose 2*b = b + o. Suppose -c + b = 2*c, 4*c = k - 51. What is the tens digit of k?
5
Let n be (18 - 20) + 13/1. Suppose -357 = -n*t + 1546. What is the tens digit of t?
7
Let g(r) be the second derivative of -r**5/20 + 7*r**4/12 - 3*r**3/2 + 2*r**2 - 16*r. Let j be g(6). Let i = 109 + j. What is the units digit of i?
5
Let s(v) be the first derivative of v**4/4 + 4*v**3 + 7*v**2/2 - 9*v + 63. Suppose 4*f + 0 = -8, -5*h - f - 42 = 0. What is the tens digit of s(h)?
9
Suppose 0*b + 2*m - 10 = 2*b, 3*m - 23 = 4*b. What is the units digit of 554*(-1)/b + 8/(-32)?
9
Suppose 38*o + 20 = 43*o, 4*o - 6191 = -m. What is the units digit of m?
5
Suppose 0 = -5*l + 4*m + 36, -15 = -2*l + m - 3. Suppose 3*v - 927 = y, -y + 1237 = l*v - 2*y. What is the tens digit of v?
1
Let g(d) = d**2 + 3*d - 51. Let y be g(-9). Suppose -6*u = -3*u + y*o - 171, -5*o - 163 = -3*u. What is the tens digit of u?
5
Let c(r) = 617*r**2 - 420*r + 2171. What is the thousands digit of c(5)?
5
Let x = -849 + 849. Suppose 6*a + 814 - 8356 = x. What is the thousands digit of a?
1
Let x = 60 - 55. Suppose 359 = -x*s + 1894. What is the hundreds digit of s?
3
Let i(l) = -10*l + 17. Let h = 100 - 58. Suppose 4*z = -2*z - h. What is the units digit of i(z)?
7
Let b(y) = -2935*y + 1. Let f be b(-1). Suppose -19*w + f + 9984 = 0. What is the hundreds digit of w?
6
What is the hundreds digit of (2065/420*-51)/((-2)/184)?
0
Let t = 2315 + 3710. What is the hundreds digit of t?
0
Let p = 117 + 277. Suppose -4*k - 1988 = -5*n, 2*n - 2*k - p = n. What is the hundreds digit of n?
4
Suppose 5 = -2*n + 3*k + 27, -19 = -3*n + k. Suppose 251 = -2*d + n*r + 1086, -2074 = -5*d - r. What is the hundreds digit of d?
4
Let q(u) = -6 - 7*u + 17 + 3*u - 22*u**2. Let b be q(4). Let t = 659 + b. What is the tens digit of t?
0
Let b(a) = a**3 + a**2 - 32*a + 62. Let w be b(4). Let m = 170 - -121. Suppose -w*g + 661 = -m. What is the tens di